NOAA Report for Dec 2012
Station Name: | Don Lafferty | City: | Winnetka | State: | CA |
Elevation: | 790 | Latitude: | N 34 11' 59'' | Longitude: | W 118 34' 5'' |
Day | Mean Temp | High | Time | Low | Time | Heat Deg Days | Cool Deg Days | Rain | Avg Wind Speed | High | Time | Dom Dir |
---|---|---|---|---|---|---|---|---|---|---|---|---|
1 | 60.1 | 64.2 | 12:05:55 PM | 56.5 | 1:59:08 AM | 5 | 0 | 0 | 0 | 6 | 3:35:50 PM | 202.5 |
2 | 60.4 | 64.2 | 3:59:32 PM | 58.1 | 6:50:05 AM | 4 | 0 | 0 | 1 | 11 | 2:11:01 PM | 0 |
3 | 60.6 | 68 | 2:57:45 PM | 53.1 | 11:50:08 PM | 4 | 0 | 0 | 1 | 9 | 11:30:50 AM | 337.5 |
4 | 58.7 | 69.4 | 2:17:09 PM | 51.1 | 1:58:23 AM | 5 | 0 | 0 | 0 | 8 | 5:57:18 PM | 157.5 |
5 | 56.6 | 72.3 | 1:44:22 PM | 44.8 | 6:19:45 AM | 6 | 0 | 0 | 1 | 8 | 2:08:17 PM | 225 |
6 | 59.3 | 71.4 | 3:16:08 PM | 51.1 | 11:55:22 PM | 4 | 0 | 0 | 1 | 8 | 12:02:24 PM | 0 |
7 | 57.7 | 76.1 | 2:12:31 PM | 46 | 4:30:24 AM | 4 | 0 | 0 | 1 | 10 | 1:53:21 PM | 315 |
8 | 52.2 | 67.8 | 2:30:55 PM | 38.7 | 6:52:08 AM | 12 | 0 | 0 | 1 | 8 | 10:31:11 AM | 337.5 |
9 | 55.1 | 68.7 | 2:36:59 PM | 45.7 | 12:56:50 AM | 8 | 0 | 0 | 0 | 8 | 12:13:30 PM | 225 |
10 | 56 | 75.2 | 1:26:35 PM | 42.8 | 4:22:42 AM | 6 | 0 | 0 | 1 | 11 | 2:14:29 PM | 292.5 |
11 | 52.7 | 71.6 | 1:43:16 PM | 39 | 7:00:36 AM | 10 | 0 | 0 | 1 | 8 | 1:36:14 PM | 45 |
12 | 54.6 | 60.1 | 1:08:01 PM | 46.2 | 12:00:05 AM | 12 | 0 | 0 | 1 | 9 | 11:00:16 AM | 45 |
13 | 50.8 | 59.5 | 1:51:05 PM | 39.4 | 11:33:53 PM | 16 | 0 | 0 | 1 | 11 | 1:44:25 PM | 157.5 |
14 | 45.3 | 56.1 | 12:53:05 PM | 34.9 | 5:52:31 AM | 20 | 0 | 0 | 1 | 11 | 1:10:32 PM | 67.5 |
15 | 49.1 | 58.1 | 2:25:29 PM | 39.2 | 6:59:02 AM | 16 | 0 | 0 | 1 | 9 | 3:21:19 PM | 157.5 |
16 | 49.9 | 52 | 3:12:53 PM | 45.9 | 12:55:06 AM | 16 | 0 | 0 | 0 | 6 | 9:58:03 AM | 0 |
17 | 54.6 | 59 | 12:41:42 PM | 51.6 | 12:00:07 AM | 10 | 0 | 0 | 0 | 6 | 2:43:05 PM | 0 |
18 | 52.4 | 61.3 | 1:34:38 PM | 44.6 | 11:47:36 PM | 12 | 0 | 0.47 | 2 | 18 | 11:19:48 PM | 337.5 |
19 | 48.1 | 57.2 | 1:53:02 PM | 37.9 | 11:46:16 PM | 17 | 0 | 0 | 4 | 19 | 9:55:52 AM | 292.5 |
20 | 44.1 | 61.3 | 2:11:27 PM | 30.9 | 7:01:38 AM | 19 | 0 | 0 | 1 | 11 | 3:04:42 PM | 112.5 |
21 | 43.5 | 63.1 | 2:09:37 PM | 28.8 | 6:45:00 AM | 19 | 0 | 0 | 0 | 8 | 12:57:32 PM | 67.5 |
22 | 48.6 | 62.8 | 12:09:41 PM | 33.4 | 6:59:07 AM | 17 | 0 | 0.03 | 1 | 9 | 1:19:01 PM | 90 |
23 | 53.6 | 61.2 | 1:11:19 PM | 49.5 | 5:28:04 AM | 10 | 0 | 0.03 | 1 | 10 | 1:30:41 PM | 202.5 |
24 | 53.1 | 64 | 2:41:45 PM | 42.4 | 11:56:38 PM | 12 | 0 | 0.85 | 1 | 9 | 5:40:06 PM | 67.5 |
25 | 46.4 | 58.8 | 2:13:54 PM | 39.4 | 5:08:35 AM | 16 | 0 | 0 | 0 | 4 | 2:00:35 PM | 247.5 |
26 | 49.2 | 60.6 | 1:47:53 PM | 40.3 | 11:53:57 PM | 15 | 0 | 0.15 | 1 | 17 | 3:25:44 PM | 247.5 |
27 | 46.5 | 59.7 | 2:12:46 PM | 36.5 | 6:22:05 AM | 17 | 0 | 0 | 2 | 18 | 4:42:09 PM | 247.5 |
28 | 45.1 | 61.9 | 1:30:18 PM | 32.2 | 7:18:04 AM | 18 | 0 | 0 | 1 | 11 | 1:49:44 PM | 225 |
29 | 41.4 | 50.2 | 2:28:21 PM | 33.4 | 4:14:23 AM | 23 | 0 | 0.03 | 0 | 7 | 9:57:22 AM | 225 |
30 | 43.9 | 55.8 | 12:25:48 PM | 33.4 | 6:31:39 AM | 20 | 0 | 0 | 1 | 17 | 1:46:09 PM | 270 |
31 | 44.6 | 58.8 | 12:25:45 PM | 33.1 | 5:39:33 AM | 19 | 0 | 0 | 1 | 16 | 9:48:19 AM | 225 |
51.4 | 76.1 | 28.8 | 392 | 1.56 | 0.9 | 19 |
Max >= 90: | 0 | Min <= 32: | 2 |
Max <= 32: | 0 | Min <= 0: | 0 |
Max Rain: | 0.85" on 12/24/2012 | ||
Days of Rain: | 6 (>.01 in) 3 (>.1 in) 0 (>1 in) | ||
Heat Base: 65 | Cool Base: 65 | Method: | Integration |